{"id":10,"date":"2025-09-29T07:50:00","date_gmt":"2025-09-29T07:50:00","guid":{"rendered":"https:\/\/remoraenergy.eu\/?page_id=10"},"modified":"2025-10-01T09:02:32","modified_gmt":"2025-10-01T09:02:32","slug":"kezdooldal","status":"publish","type":"page","link":"https:\/\/remoraenergy.eu\/","title":{"rendered":"Kezd\u0151oldal"},"content":{"rendered":"\t\t<div data-elementor-type=\"wp-page\" data-elementor-id=\"10\" class=\"elementor elementor-10\" data-elementor-post-type=\"page\">\n\t\t\t\t<div class=\"elementor-element elementor-element-939523b e-flex e-con-boxed e-con e-parent\" data-id=\"939523b\" data-element_type=\"container\" data-settings=\"{&quot;background_background&quot;:&quot;classic&quot;}\">\n\t\t\t\t\t<div class=\"e-con-inner\">\n\t\t\t\t<div class=\"elementor-element elementor-element-e3909c7 elementor-widget elementor-widget-heading\" data-id=\"e3909c7\" data-element_type=\"widget\" data-widget_type=\"heading.default\">\n\t\t\t\t\t<h1 class=\"elementor-heading-title elementor-size-default\">REMORA ENERGY KFT.<\/h1>\t\t\t\t<\/div>\n\t\t\t\t\t<\/div>\n\t\t\t\t<\/div>\n\t\t<div class=\"elementor-element elementor-element-36973a5 e-flex e-con-boxed e-con e-parent\" data-id=\"36973a5\" data-element_type=\"container\">\n\t\t\t\t\t<div class=\"e-con-inner\">\n\t\t\t\t<div class=\"elementor-element elementor-element-600a3b6 elementor-widget elementor-widget-heading\" data-id=\"600a3b6\" data-element_type=\"widget\" data-widget_type=\"heading.default\">\n\t\t\t\t\t<h2 class=\"elementor-heading-title elementor-size-default\">L\u00e9pjen vel\u00fcnk a j\u00f6v\u0151 energiavil\u00e1g\u00e1ba!<\/h2>\t\t\t\t<\/div>\n\t\t\t\t<div class=\"elementor-element elementor-element-2cca6ba elementor-widget elementor-widget-text-editor\" data-id=\"2cca6ba\" data-element_type=\"widget\" data-widget_type=\"text-editor.default\">\n\t\t\t\t\t\t\t\t\t<p style=\"text-align: center;\"><strong>A REMORA Energy Kft. egy villamosenergia-kereskedelmi v\u00e1llalat,<\/strong> amely kifejezetten <strong>v\u00e1llalati<\/strong> <strong>\u00fcgyfelek<\/strong> sz\u00e1m\u00e1ra ny\u00fajt testre szabott, megb\u00edzhat\u00f3 \u00e9s<br \/>k\u00f6lts\u00e9ghat\u00e9kony energiamegold\u00e1sokat. C\u00e9lunk, hogy<strong> partnereink sz\u00e1m\u00e1ra stabil energiaell\u00e1t\u00e1st<\/strong> \u00e9s \u00e1tl\u00e1that\u00f3 szerz\u0151d\u00e9si felt\u00e9teleket biztos\u00edtsunk a<br \/>dinamikusan v\u00e1ltoz\u00f3 energiapiacon.<\/p><p style=\"text-align: center;\"><strong>Szolg\u00e1ltat\u00e1saink k\u00f6z\u00e9 tartozik<\/strong> a villamosenergia-kereskedelem, portf\u00f3li\u00f3menedzsment, valamint egyedi ig\u00e9nyekre szabott szerz\u0151d\u00e9ses<br \/>strukt\u00far\u00e1k kialak\u00edt\u00e1sa \u2013 kis-, k\u00f6z\u00e9p- \u00e9s nagyv\u00e1llalatok sz\u00e1m\u00e1ra egyar\u00e1nt. M\u0171k\u00f6d\u00e9s\u00fcnk sor\u00e1n kiemelt figyelmet ford\u00edtunk a szem\u00e9lyre szabott <strong>\u00fcgyf\u00e9lkiszolg\u00e1l\u00e1sra<\/strong>, a <strong>piaci kock\u00e1zatok kezel\u00e9s\u00e9re<\/strong> \u00e9s a hossz\u00fa t\u00e1v\u00fa, <strong>bizalmi egy\u00fcttm\u0171k\u00f6d\u00e9sre.<\/strong><\/p>\t\t\t\t\t\t\t\t<\/div>\n\t\t\t\t\t<\/div>\n\t\t\t\t<\/div>\n\t\t<div class=\"elementor-element elementor-element-3392e02 e-flex e-con-boxed e-con e-parent\" data-id=\"3392e02\" data-element_type=\"container\" id=\"szolgaltatasok\" data-settings=\"{&quot;background_background&quot;:&quot;classic&quot;}\">\n\t\t\t\t\t<div class=\"e-con-inner\">\n\t\t\t\t<div class=\"elementor-element elementor-element-939bc13 elementor-widget elementor-widget-heading\" data-id=\"939bc13\" data-element_type=\"widget\" data-widget_type=\"heading.default\">\n\t\t\t\t\t<h2 class=\"elementor-heading-title elementor-size-default\">Szolg\u00e1ltat\u00e1saink<\/h2>\t\t\t\t<\/div>\n\t\t\t\t\t<\/div>\n\t\t\t\t<\/div>\n\t\t<div class=\"elementor-element elementor-element-94b081c e-flex e-con-boxed e-con e-parent\" data-id=\"94b081c\" data-element_type=\"container\" data-settings=\"{&quot;background_background&quot;:&quot;classic&quot;}\">\n\t\t\t\t\t<div class=\"e-con-inner\">\n\t\t<div class=\"elementor-element elementor-element-e6391f2 e-con-full e-flex e-con e-child\" data-id=\"e6391f2\" data-element_type=\"container\">\n\t\t\t\t<div class=\"elementor-element elementor-element-c5d9d46 elementor-widget elementor-widget-heading\" data-id=\"c5d9d46\" data-element_type=\"widget\" data-widget_type=\"heading.default\">\n\t\t\t\t\t<h3 class=\"elementor-heading-title elementor-size-default\">Villamosenergia-kereskedelem<\/h3>\t\t\t\t<\/div>\n\t\t\t\t<div class=\"elementor-element elementor-element-e0a4d72 elementor-widget elementor-widget-text-editor\" data-id=\"e0a4d72\" data-element_type=\"widget\" data-widget_type=\"text-editor.default\">\n\t\t\t\t\t\t\t\t\t<p>C\u00e9g\u00fcnk <strong>f\u0151 tev\u00e9kenys\u00e9ge a villamosenergia-kereskedelem<\/strong>, amelyet kifejezetten v\u00e1llalati \u00fcgyfelek sz\u00e1m\u00e1ra k\u00edn\u00e1lunk. Teljes k\u00f6r\u0171 szolg\u00e1ltat\u00e1st ny\u00fajtunk az energiaell\u00e1t\u00e1s tervez\u00e9s\u00e9t\u0151l a szerz\u0151d\u00e9sk\u00f6t\u00e9sen \u00e1t a portf\u00f3li\u00f3menedzsmentig.<br \/><br \/><strong>Szolg\u00e1ltat\u00e1sunk c\u00e9lja<\/strong>, hogy partnereink sz\u00e1m\u00e1ra kisz\u00e1m\u00edthat\u00f3 k\u00f6lts\u00e9gstrukt\u00far\u00e1t, stabil ell\u00e1t\u00e1st \u00e9s versenyk\u00e9pes piaci felt\u00e9teleket biztos\u00edtsunk, figyelembe v\u00e9ve az adott ipar\u00e1g \u00e9s fogyaszt\u00e1si profil saj\u00e1toss\u00e1gait.<br \/><br \/>Szorosan k\u00f6vetj\u00fck a piac alakul\u00e1s\u00e1t, \u00e9s <strong>rugalmas, testreszabott megold\u00e1sokat k\u00edn\u00e1lunk<\/strong> \u2013 ak\u00e1r fix, ak\u00e1r index\u00e1lt \u00e1raz\u00e1si modellekr\u0151l van sz\u00f3.<\/p>\t\t\t\t\t\t\t\t<\/div>\n\t\t\t\t<\/div>\n\t\t<div class=\"elementor-element elementor-element-8b7819f e-con-full e-flex e-con e-child\" data-id=\"8b7819f\" data-element_type=\"container\" data-settings=\"{&quot;background_background&quot;:&quot;classic&quot;}\">\n\t\t\t\t<\/div>\n\t\t\t\t\t<\/div>\n\t\t\t\t<\/div>\n\t\t<div class=\"elementor-element elementor-element-fd7e9f2 e-flex e-con-boxed e-con e-parent\" data-id=\"fd7e9f2\" data-element_type=\"container\" data-settings=\"{&quot;background_background&quot;:&quot;classic&quot;}\">\n\t\t\t\t\t<div class=\"e-con-inner\">\n\t\t<div class=\"elementor-element elementor-element-37b3bc1 e-con-full e-flex e-con e-child\" data-id=\"37b3bc1\" data-element_type=\"container\" data-settings=\"{&quot;background_background&quot;:&quot;classic&quot;}\">\n\t\t\t\t<\/div>\n\t\t<div class=\"elementor-element elementor-element-ada79fc e-con-full e-flex e-con e-child\" data-id=\"ada79fc\" data-element_type=\"container\">\n\t\t\t\t<div class=\"elementor-element elementor-element-b5494fc elementor-widget elementor-widget-heading\" data-id=\"b5494fc\" data-element_type=\"widget\" data-widget_type=\"heading.default\">\n\t\t\t\t\t<h3 class=\"elementor-heading-title elementor-size-default\">F\u00f6ldg\u00e1zenergia-kereskedelem<\/h3>\t\t\t\t<\/div>\n\t\t\t\t<div class=\"elementor-element elementor-element-8f0b632 elementor-widget elementor-widget-text-editor\" data-id=\"8f0b632\" data-element_type=\"widget\" data-widget_type=\"text-editor.default\">\n\t\t\t\t\t\t\t\t\t<p>A villamosenergia-kereskedelem mellett c\u00e9g\u00fcnk a <strong>f\u00f6ldg\u00e1zenergia-piac<\/strong> ir\u00e1ny\u00e1ba is nyit: a Magyar Kereskedelmi Enged\u00e9lyez\u00e9si Hivatalhoz (MKEH)<br \/>beny\u00fajtottuk a f\u00f6ldg\u00e1z-kereskedelmi enged\u00e9ly ir\u00e1nti k\u00e9relmet, \u00e9s jelenleg a<br \/>hivatal d\u00f6nt\u00e9s\u00e9re v\u00e1runk.<\/p><p>C\u00e9lunk, hogy a <strong>j\u00f6v\u0151ben komplex, t\u00f6bb energiahordoz\u00f3ra<\/strong> kiterjed\u0151 szolg\u00e1ltat\u00e1st ny\u00fajtsunk v\u00e1llalati \u00fcgyfeleink sz\u00e1m\u00e1ra.<\/p>\t\t\t\t\t\t\t\t<\/div>\n\t\t\t\t<\/div>\n\t\t\t\t\t<\/div>\n\t\t\t\t<\/div>\n\t\t<div class=\"elementor-element elementor-element-aae6908 e-flex e-con-boxed e-con e-parent\" data-id=\"aae6908\" data-element_type=\"container\" id=\"ertekeink\" data-settings=\"{&quot;background_background&quot;:&quot;classic&quot;}\">\n\t\t\t\t\t<div class=\"e-con-inner\">\n\t\t\t\t<div class=\"elementor-element elementor-element-dea98af elementor-widget elementor-widget-heading\" data-id=\"dea98af\" data-element_type=\"widget\" data-widget_type=\"heading.default\">\n\t\t\t\t\t<h2 class=\"elementor-heading-title elementor-size-default\">\u00c9rt\u00e9keink<\/h2>\t\t\t\t<\/div>\n\t\t<div class=\"elementor-element elementor-element-1d48868 e-grid e-con-full e-con e-child\" data-id=\"1d48868\" data-element_type=\"container\">\n\t\t\t\t<div class=\"elementor-element elementor-element-6b7cbff elementor-view-framed elementor-shape-circle elementor-position-top elementor-mobile-position-top elementor-widget elementor-widget-icon-box\" data-id=\"6b7cbff\" data-element_type=\"widget\" data-widget_type=\"icon-box.default\">\n\t\t\t\t\t\t\t<div class=\"elementor-icon-box-wrapper\">\n\n\t\t\t\t\t\t<div class=\"elementor-icon-box-icon\">\n\t\t\t\t<span  class=\"elementor-icon\">\n\t\t\t\t<svg aria-hidden=\"true\" class=\"e-font-icon-svg e-fas-star\" viewBox=\"0 0 576 512\" xmlns=\"http:\/\/www.w3.org\/2000\/svg\"><path d=\"M259.3 17.8L194 150.2 47.9 171.5c-26.2 3.8-36.7 36.1-17.7 54.6l105.7 103-25 145.5c-4.5 26.3 23.2 46 46.4 33.7L288 439.6l130.7 68.7c23.2 12.2 50.9-7.4 46.4-33.7l-25-145.5 105.7-103c19-18.5 8.5-50.8-17.7-54.6L382 150.2 316.7 17.8c-11.7-23.6-45.6-23.9-57.4 0z\"><\/path><\/svg>\t\t\t\t<\/span>\n\t\t\t<\/div>\n\t\t\t\n\t\t\t\t\t\t<div class=\"elementor-icon-box-content\">\n\n\t\t\t\t\t\t\t\t\t<h3 class=\"elementor-icon-box-title\">\n\t\t\t\t\t\t<span  >\n\t\t\t\t\t\t\tMegb\u00edzhat\u00f3s\u00e1g\t\t\t\t\t\t<\/span>\n\t\t\t\t\t<\/h3>\n\t\t\t\t\n\t\t\t\t\t\t\t\t\t<p class=\"elementor-icon-box-description\">\n\t\t\t\t\t\tMinden \u00fczleti kapcsolat alapja a bizalom. Mi stabil, kisz\u00e1m\u00edthat\u00f3 partnerei vagyunk \u00fcgyfeleinknek \u2013 ak\u00e1r hossz\u00fa t\u00e1von is.\t\t\t\t\t<\/p>\n\t\t\t\t\n\t\t\t<\/div>\n\t\t\t\n\t\t<\/div>\n\t\t\t\t\t\t<\/div>\n\t\t\t\t<div class=\"elementor-element elementor-element-5755019 elementor-view-framed elementor-shape-circle elementor-position-top elementor-mobile-position-top elementor-widget elementor-widget-icon-box\" data-id=\"5755019\" data-element_type=\"widget\" data-widget_type=\"icon-box.default\">\n\t\t\t\t\t\t\t<div class=\"elementor-icon-box-wrapper\">\n\n\t\t\t\t\t\t<div class=\"elementor-icon-box-icon\">\n\t\t\t\t<span  class=\"elementor-icon\">\n\t\t\t\t<svg aria-hidden=\"true\" class=\"e-font-icon-svg e-far-handshake\" viewBox=\"0 0 640 512\" xmlns=\"http:\/\/www.w3.org\/2000\/svg\"><path d=\"M519.2 127.9l-47.6-47.6A56.252 56.252 0 0 0 432 64H205.2c-14.8 0-29.1 5.9-39.6 16.3L118 127.9H0v255.7h64c17.6 0 31.8-14.2 31.9-31.7h9.1l84.6 76.4c30.9 25.1 73.8 25.7 105.6 3.8 12.5 10.8 26 15.9 41.1 15.9 18.2 0 35.3-7.4 48.8-24 22.1 8.7 48.2 2.6 64-16.8l26.2-32.3c5.6-6.9 9.1-14.8 10.9-23h57.9c.1 17.5 14.4 31.7 31.9 31.7h64V127.9H519.2zM48 351.6c-8.8 0-16-7.2-16-16s7.2-16 16-16 16 7.2 16 16c0 8.9-7.2 16-16 16zm390-6.9l-26.1 32.2c-2.8 3.4-7.8 4-11.3 1.2l-23.9-19.4-30 36.5c-6 7.3-15 4.8-18 2.4l-36.8-31.5-15.6 19.2c-13.9 17.1-39.2 19.7-55.3 6.6l-97.3-88H96V175.8h41.9l61.7-61.6c2-.8 3.7-1.5 5.7-2.3H262l-38.7 35.5c-29.4 26.9-31.1 72.3-4.4 101.3 14.8 16.2 61.2 41.2 101.5 4.4l8.2-7.5 108.2 87.8c3.4 2.8 3.9 7.9 1.2 11.3zm106-40.8h-69.2c-2.3-2.8-4.9-5.4-7.7-7.7l-102.7-83.4 12.5-11.4c6.5-6 7-16.1 1-22.6L367 167.1c-6-6.5-16.1-6.9-22.6-1l-55.2 50.6c-9.5 8.7-25.7 9.4-34.6 0-9.3-9.9-8.5-25.1 1.2-33.9l65.6-60.1c7.4-6.8 17-10.5 27-10.5l83.7-.2c2.1 0 4.1.8 5.5 2.3l61.7 61.6H544v128zm48 47.7c-8.8 0-16-7.2-16-16s7.2-16 16-16 16 7.2 16 16c0 8.9-7.2 16-16 16z\"><\/path><\/svg>\t\t\t\t<\/span>\n\t\t\t<\/div>\n\t\t\t\n\t\t\t\t\t\t<div class=\"elementor-icon-box-content\">\n\n\t\t\t\t\t\t\t\t\t<h3 class=\"elementor-icon-box-title\">\n\t\t\t\t\t\t<span  >\n\t\t\t\t\t\t\tSzakmai felk\u00e9sz\u00fclts\u00e9g\t\t\t\t\t\t<\/span>\n\t\t\t\t\t<\/h3>\n\t\t\t\t\n\t\t\t\t\t\t\t\t\t<p class=\"elementor-icon-box-description\">\n\t\t\t\t\t\tNaprak\u00e9sz tud\u00e1ssal \u00e9s tapasztalattal dolgozunk, hogy \u00fcgyfeleink\nmindig a legjobb megold\u00e1st kapj\u00e1k.\t\t\t\t\t<\/p>\n\t\t\t\t\n\t\t\t<\/div>\n\t\t\t\n\t\t<\/div>\n\t\t\t\t\t\t<\/div>\n\t\t\t\t<div class=\"elementor-element elementor-element-8c7cfdd elementor-view-framed elementor-shape-circle elementor-position-top elementor-mobile-position-top elementor-widget elementor-widget-icon-box\" data-id=\"8c7cfdd\" data-element_type=\"widget\" data-widget_type=\"icon-box.default\">\n\t\t\t\t\t\t\t<div class=\"elementor-icon-box-wrapper\">\n\n\t\t\t\t\t\t<div class=\"elementor-icon-box-icon\">\n\t\t\t\t<span  class=\"elementor-icon\">\n\t\t\t\t<svg aria-hidden=\"true\" class=\"e-font-icon-svg e-fas-recycle\" viewBox=\"0 0 512 512\" xmlns=\"http:\/\/www.w3.org\/2000\/svg\"><path d=\"M184.561 261.903c3.232 13.997-12.123 24.635-24.068 17.168l-40.736-25.455-50.867 81.402C55.606 356.273 70.96 384 96.012 384H148c6.627 0 12 5.373 12 12v40c0 6.627-5.373 12-12 12H96.115c-75.334 0-121.302-83.048-81.408-146.88l50.822-81.388-40.725-25.448c-12.081-7.547-8.966-25.961 4.879-29.158l110.237-25.45c8.611-1.988 17.201 3.381 19.189 11.99l25.452 110.237zm98.561-182.915l41.289 66.076-40.74 25.457c-12.051 7.528-9 25.953 4.879 29.158l110.237 25.45c8.672 1.999 17.215-3.438 19.189-11.99l25.45-110.237c3.197-13.844-11.99-24.719-24.068-17.168l-40.687 25.424-41.263-66.082c-37.521-60.033-125.209-60.171-162.816 0l-17.963 28.766c-3.51 5.62-1.8 13.021 3.82 16.533l33.919 21.195c5.62 3.512 13.024 1.803 16.536-3.817l17.961-28.743c12.712-20.341 41.973-19.676 54.257-.022zM497.288 301.12l-27.515-44.065c-3.511-5.623-10.916-7.334-16.538-3.821l-33.861 21.159c-5.62 3.512-7.33 10.915-3.818 16.536l27.564 44.112c13.257 21.211-2.057 48.96-27.136 48.96H320V336.02c0-14.213-17.242-21.383-27.313-11.313l-80 79.981c-6.249 6.248-6.249 16.379 0 22.627l80 79.989C302.689 517.308 320 510.3 320 495.989V448h95.88c75.274 0 121.335-82.997 81.408-146.88z\"><\/path><\/svg>\t\t\t\t<\/span>\n\t\t\t<\/div>\n\t\t\t\n\t\t\t\t\t\t<div class=\"elementor-icon-box-content\">\n\n\t\t\t\t\t\t\t\t\t<h3 class=\"elementor-icon-box-title\">\n\t\t\t\t\t\t<span  >\n\t\t\t\t\t\t\tFenntarthat\u00f3s\u00e1g\t\t\t\t\t\t<\/span>\n\t\t\t\t\t<\/h3>\n\t\t\t\t\n\t\t\t\t\t\t\t\t\t<p class=\"elementor-icon-box-description\">\n\t\t\t\t\t\tT\u00f6reksz\u00fcnk arra, hogy a piaci jelenl\u00e9t\u00fcnkkel t\u00e1mogassuk a\nk\u00f6rnyezettudatos energiafelhaszn\u00e1l\u00e1st, ahol ez lehets\u00e9ges.\t\t\t\t\t<\/p>\n\t\t\t\t\n\t\t\t<\/div>\n\t\t\t\n\t\t<\/div>\n\t\t\t\t\t\t<\/div>\n\t\t\t\t<\/div>\n\t\t\t\t\t<\/div>\n\t\t\t\t<\/div>\n\t\t<div class=\"elementor-element elementor-element-33951e6 e-flex e-con-boxed e-con e-parent\" data-id=\"33951e6\" data-element_type=\"container\" id=\"kapcsolat\" data-settings=\"{&quot;background_background&quot;:&quot;classic&quot;}\">\n\t\t\t\t\t<div class=\"e-con-inner\">\n\t\t\t\t<div class=\"elementor-element elementor-element-385902e elementor-widget elementor-widget-heading\" data-id=\"385902e\" data-element_type=\"widget\" data-widget_type=\"heading.default\">\n\t\t\t\t\t<h2 class=\"elementor-heading-title elementor-size-default\">Kapcsolat<\/h2>\t\t\t\t<\/div>\n\t\t\t\t<div class=\"elementor-element elementor-element-5addad6 elementor-widget elementor-widget-heading\" data-id=\"5addad6\" data-element_type=\"widget\" data-widget_type=\"heading.default\">\n\t\t\t\t\t<h3 class=\"elementor-heading-title elementor-size-default\">Remora Energy Kft.<\/h3>\t\t\t\t<\/div>\n\t\t\t\t<div class=\"elementor-element elementor-element-9304fdf elementor-widget elementor-widget-text-editor\" data-id=\"9304fdf\" data-element_type=\"widget\" data-widget_type=\"text-editor.default\">\n\t\t\t\t\t\t\t\t\t<p style=\"text-align: center;\">Remora Energy Korl\u00e1tolt Felel\u0151ss\u00e9g\u0171 T\u00e1rsas\u00e1g<\/p><p style=\"text-align: center;\"><span style=\"color: #000000;\"><strong>C\u00e9gjegyz\u00e9ksz\u00e1m<\/strong>:<\/span> 01-09-433991<\/p><p style=\"text-align: center;\"><span style=\"color: #000000;\"><strong>Ad\u00f3sz\u00e1m<\/strong><\/span>: 32622991-2-43<\/p><p style=\"text-align: center;\"><span style=\"color: #000000;\"><strong>Sz\u00e9khely<\/strong><\/span>: 1092 Budapest, R\u00e1day utca 57. 1. em. 7. ajt\u00f3<\/p><p style=\"text-align: center;\"><strong>E-mail:<\/strong> <a href=\"mailto:info@remoraenergy.eu\">info@remoraenergy.eu<\/a><\/p>\t\t\t\t\t\t\t\t<\/div>\n\t\t\t\t\t<\/div>\n\t\t\t\t<\/div>\n\t\t\t\t<\/div>\n\t\t","protected":false},"excerpt":{"rendered":"<p>REMORA ENERGY KFT. L\u00e9pjen vel\u00fcnk a j\u00f6v\u0151 energiavil\u00e1g\u00e1ba! A REMORA Energy Kft. egy villamosenergia-kereskedelmi v\u00e1llalat, amely kifejezetten v\u00e1llalati \u00fcgyfelek sz\u00e1m\u00e1ra ny\u00fajt testre szabott, megb\u00edzhat\u00f3 \u00e9sk\u00f6lts\u00e9ghat\u00e9kony energiamegold\u00e1sokat. C\u00e9lunk, hogy partnereink sz\u00e1m\u00e1ra stabil energiaell\u00e1t\u00e1st \u00e9s \u00e1tl\u00e1that\u00f3 szerz\u0151d\u00e9si felt\u00e9teleket biztos\u00edtsunk adinamikusan v\u00e1ltoz\u00f3 energiapiacon. Szolg\u00e1ltat\u00e1saink k\u00f6z\u00e9 tartozik a villamosenergia-kereskedelem, portf\u00f3li\u00f3menedzsment, valamint egyedi ig\u00e9nyekre szabott szerz\u0151d\u00e9sesstrukt\u00far\u00e1k kialak\u00edt\u00e1sa \u2013 kis-, k\u00f6z\u00e9p- [&hellip;]<\/p>\n","protected":false},"author":1,"featured_media":0,"parent":0,"menu_order":0,"comment_status":"closed","ping_status":"closed","template":"elementor_header_footer","meta":{"footnotes":""},"class_list":["post-10","page","type-page","status-publish","hentry"],"_links":{"self":[{"href":"https:\/\/remoraenergy.eu\/index.php\/wp-json\/wp\/v2\/pages\/10","targetHints":{"allow":["GET"]}}],"collection":[{"href":"https:\/\/remoraenergy.eu\/index.php\/wp-json\/wp\/v2\/pages"}],"about":[{"href":"https:\/\/remoraenergy.eu\/index.php\/wp-json\/wp\/v2\/types\/page"}],"author":[{"embeddable":true,"href":"https:\/\/remoraenergy.eu\/index.php\/wp-json\/wp\/v2\/users\/1"}],"replies":[{"embeddable":true,"href":"https:\/\/remoraenergy.eu\/index.php\/wp-json\/wp\/v2\/comments?post=10"}],"version-history":[{"count":58,"href":"https:\/\/remoraenergy.eu\/index.php\/wp-json\/wp\/v2\/pages\/10\/revisions"}],"predecessor-version":[{"id":126,"href":"https:\/\/remoraenergy.eu\/index.php\/wp-json\/wp\/v2\/pages\/10\/revisions\/126"}],"wp:attachment":[{"href":"https:\/\/remoraenergy.eu\/index.php\/wp-json\/wp\/v2\/media?parent=10"}],"curies":[{"name":"wp","href":"https:\/\/api.w.org\/{rel}","templated":true}]}}